vative of i(a). Calculate c(7).
0
Let u(o) = 2*o - 4. Let y(s) = -2*s - 1. Suppose 5*q - 4*t = 1 - 0, q - 4 = -3*t. Let g(f) = q*u(f) + 3*y(f). What is g(-7)?
21
Let a = -14 + 33. Let x(f) = 103*f**2 - 14*f + 8. Let y(g) = 86*g**2 - 15*g + 9. Let d(h) = 5*x(h) - 6*y(h). Determine d(a).
5
Let r(k) be the second derivative of -k**3/2 - k**2 + 12029*k. Calculate r(2).
-8
Suppose -38*u - 151 - 35 = -7*u. Let s be (-7)/(-9) + 6/27. Let k(d) = 1 + 3*d + s - d. Give k(u).
-10
Let u(s) = -38 - 603*s**2 + 20*s + 606*s**2 + 3*s. Calculate u(-9).
-2
Suppose 0*q + 4*q - 12 = 0. Suppose 10 + 14 = -q*p. Let a(g) = g**3 + 7*g**2 - 10*g - 12. Let x be a(p). Let u(c) = 3*c - 6. Give u(x).
6
Let g = 295 - 1408. Let n = -1119 - g. Let h(f) be the second derivative of f**3/6 - f**2 - 2*f. Determine h(n).
-8
Let q(b) be the third derivative of 0*b - 2 - 1/24*b**4 + 0*b**3 + 1/30*b**5 + 1/30*b**6 + 33*b**2. Give q(1).
5
Suppose 6*p = 3*p - 4*w - 50, 15 = p - 5*w. Let g be -6*(-2)/(-4) - p. Let h(o) be the second derivative of -o**4/12 + 4*o**3/3 + 2*o**2 - o. Calculate h(g).
11
Let j(v) = -1333*v + 627*v + 308 + 721*v. Calculate j(-21).
-7
Let w(z) = -z**2. Let x(d) = -2*d**2 - 10*d - 5. Let c(j) = 3*w(j) - x(j). What is c(9)?
14
Let q(b) be the third derivative of b**6/15 + b**5/60 - b**3/6 - 5*b**2 - 36*b. Let p = -23 - -22. What is q(p)?
-8
Suppose -8*x + 2*w = -4*x + 48, -5*w = -3*x - 50. Let v be 26/(-26) + x/(-2*1). Suppose -28 + 8 = v*c. Let s(o) = -o**2 - 4*o - 1. Determine s(c).
-6
Let r(b) = -35*b + 256. Let f(i) = -631*i - 1886. Let a be f(-3). Calculate r(a).
11
Suppose -4*r + 45*r - 246 = 0. Let k(b) = 17799*b + 3 - 17796*b - 16. What is k(r)?
5
Let z(k) be the third derivative of -k**5/60 - 5*k**4/8 + 14*k**3/3 - k**2 - 55*k. Let h(x) = -2*x**2 + 4*x + 13. Let a be h(-3). Give z(a).
-6
Let d(g) = 4698 - 9*g + g**2 + 4687 - 9370. Give d(6).
-3
Suppose 7*v - 10*v = 4*o + 275, -2*o = -8. Let g = 98 + v. Suppose -t + 4*l = -5*t + 16, l = -4*t + g. Let p(n) = 5*n**3 - n**2 - n. Calculate p(t).
-5
Suppose -28*g = 12*g + g + 123. Let m(c) = -3*c - 19. Determine m(g).
-10
Let h(j) = -j**2 - 8*j + 15. Suppose 3*x - 23 = t - 5, -5*t - 90 = 5*x. Let d be t*(3 - (-35)/(-14)). What is h(d)?
6
Let y(k) = 9 - 8*k - 8 + 5*k - 39. Let v be y(-14). Suppose 5*l = 5*s - 5, 3 = -v*s + 2*l + 5. Let p(a) = a - 3. Calculate p(s).
-3
Let x(m) = -7*m + 1. Let p(s) = -35*s + 8. Let t(d) = -p(d) + 4*x(d). What is t(-2)?
-18
Let y(l) = 19*l - 82. Suppose -16 = -4*t - 3*q, 278*t + 8 = 280*t + q. Give y(t).
-6
Let u(l) be the second derivative of 16*l + 4/3*l**3 + 0 - 9/2*l**2. Calculate u(6).
39
Let v(u) = -u**3 + 20*u**2 + 24*u - 88. Let g be v(21). Let f(o) = o**3 + 27*o**2 + 48*o - 23. What is f(g)?
27
Let k(g) = 15*g**2 + 10*g**2 + 6*g + 15*g**2 + 15*g**2 - 54*g**2 + 9. Let r(p) = p**3 - 19*p**2 + 3*p - 63. Let a be r(19). Determine k(a).
9
Suppose -3*l = 9, -6*z + 7*z - 56 = 5*l. Let j = z - 45. Let h(f) = -f**3 - 2*f**2 + 7*f + 6. Calculate h(j).
10
Let s(y) = -2*y**3 + 15*y**2 - 5*y - 1. Let q be 8 + (5*(-7)/35)/1. Give s(q).
13
Let w(y) = 2*y + 4. Let k = 110 + -106. Suppose d + 2*q = -12, 2*d - q = -k*q - 21. Give w(d).
-8
Let x(o) = 24*o**2 + 1. Let t be ((-1)/2)/((-3)/(-210)). Let g be (-48)/(-18) + t/21. What is x(g)?
25
Let x(g) be the first derivative of -g**4/4 + 7*g**3/3 - 5*g**2/2 - 8*g + 1. Suppose 23*f - 47*f + 390 = 41*f. Calculate x(f).
-2
Let g = 56 - 6. Suppose -2*z - g = -14. Let c(f) = f**2 + 19*f + 20. Determine c(z).
2
Let v(d) = -7*d - 1. Suppose 10 = -2*g, 2*q - g = -3*g - 122. Let m = q + 57. What is v(m)?
-8
Let t(y) = -3*y + 3. Let f(q) = q - 1. Let p = -27 + 50. Suppose -45 - p = -4*v. Let l(c) = v*f(c) + 6*t(c). Give l(-2).
3
Let s(g) be the third derivative of g**5/60 + 17*g**4/24 + 11*g**3/6 - g**2 + 159*g. Calculate s(-16).
-5
Let c(p) = p**3 - 62*p**2 + 231*p + 61. Let k be c(58). Let f(z) = -z**3 + 5*z**2 + 32*z - 87. Determine f(k).
27
Let k(u) = u**2 + 11*u - 25. Suppose 5*r = -20, -109*w = -102*w - 2*r + 76. What is k(w)?
-13
Let v = 486 + -98. Let s = v + -395. Let y(g) = g**3 + 6*g**2 - 10*g - 8. Give y(s).
13
Let v(r) = r**3 - 3*r**2. Let a(f) = -f - 3. Let p be a(-6). Let k be v(p). Let o(n) = -266*n + 0 - 271*n + 536*n - 2 + 3. Give o(k).
1
Let b(s) be the third derivative of s**5/60 - 5*s**4/12 - s**3 - 4068*s**2. Suppose 2*k - 11 = 11. Determine b(k).
5
Let j(a) = 30*a + 26. Let c(l) = 18*l - 1101. Let x be c(61). Calculate j(x).
-64
Let p(l) be the third derivative of 0*l - 1/24*l**4 - 1/3*l**3 + 0 - 8*l**2. Let o(k) = 8*k - 14. Let s be o(1). What is p(s)?
4
Let p(i) = -2*i**2 + 1. Let l(k) = -k**3 - 2*k**2 - k + 2. Let t(c) = c**3 + 2*c**2 - 2. Let g(z) = -7*l(z) - 6*t(z). Let n(s) = g(s) + 5*p(s). Give n(7).
3
Let b(w) = w - 4. Let r(h) = h**2 + 7*h + 18. Let a be ((-1)/(-2))/(10/(-40)). Let j be r(a). Determine b(j).
4
Let v(i) be the second derivative of -i**4/12 - 11*i**3/6 + 5*i**2/2 + i - 7. Determine v(-10).
15
Let n(f) = -16*f + 127. Suppose 13*h = 17*h - c - 34, 0 = -h + 3*c + 14. Let p be n(h). Let s(q) = -7*q**3 + q**2 - 1. What is s(p)?
7
Let v be (-2)/30 + (17 - 4/((-60)/(-209))). Let y(k) be the third derivative of -22*k**2 + 0*k - 1/2*k**v + 1/60*k**5 + 0 + 0*k**4. Calculate y(-4).
13
Let i(p) = -69*p + 174*p - 58*p - 32 - 49*p. Give i(21).
-74
Let j(a) = 21*a + 264. Let f be j(-12). Let w(k) = k**3 + 5 - 8*k + f*k + 1 + 6*k**2 + 3*k - 1. Calculate w(-5).
-5
Let g(c) = 2*c**2 + 3*c - 3. Let v(m) = 4*m**2 + 13*m - 15. Let i(z) = -5*g(z) + v(z). Give i(-2).
-20
Suppose -3*h - h - 1 = -p, -3*h = -4*p + 4. Let o(z) = z + p - 12 - 10 + 21. Determine o(-1).
-1
Let q(n) = 53*n - 149. Let y(h) = 19*h - 74. Let s(b) = 3*q(b) - 7*y(b). What is s(-3)?
-7
Let r(q) be the first derivative of -147 - 1/2*q**2 - 2*q. Calculate r(7).
-9
Let c(w) = w**2 + w + 3. Suppose 0 = p - 3*p - 82. Suppose -a + 5*t = 59, 5*a + 208 = -t - 3*t. Let m = a - p. Calculate c(m).
9
Let p = 8185 + -8179. Let u(v) = 2*v**2 - 13*v + 11. Determine u(p).
5
Let u(t) = -t**3 + 4*t**2 - 5*t + 14. Suppose -81 - 185 - 218 = -121*f. Determine u(f).
-6
Let d be (0 + 4)/((-1)/(6 + -7)). Let u(z) be the first derivative of -3/2*z**2 - 3 + 1/4*z**4 - z - 4/3*z**3. Determine u(d).
-13
Suppose -12 = -17*q + 21*q. Let w(k) = 6*k. Let l(a) be the second derivative of a**3/6 - 2*a. Let v(o) = 28*l(o) - 4*w(o). Give v(q).
-12
Let a(t) = -42*t + 23. Let h(o) = -o**2 + 18*o + 117. Let u be h(-5). Calculate a(u).
-61
Let q(o) = 35*o**3 + 26*o**2 + 96*o - 5. Let c(a) = -17*a**3 - 11*a**2 - 41*a + 2. Let u(p) = -7*c(p) - 3*q(p). Let y be (-3)/3*2/(-2). What is u(y)?
13
Let n = -121 - -124. Let g be 2 + 3 - (1 - -1). Let h(y) = -2*y**2 + 5 + y**2 + g*y + 0*y**2 - 2. Calculate h(n).
3
Let n(k) = -k**3 - 8*k**2 + k + 2. Let h = -3 - 111. Let f = h + 106. Calculate n(f).
-6
Suppose -4*p - 20 + 0 = 0. Let v(i) be the second derivative of i**4/12 + 2*i**3/3 - 2*i**2 - 9572*i. What is v(p)?
1
Let x be 2*(54/(-4))/3. Let v be (9 + (-125)/3)*-3. Let q(g) = g - v - 87 + 292 - 91. Determine q(x).
7
Let n(w) = -24*w - 203. Let h(c) = -66*c - 510. Let f(u) = 5*h(u) - 12*n(u). What is f(-3)?
12
Let o(q) = -794 + 4*q - 790 + 2385 - 793 - q**2. What is o(9)?
-37
Let j(y) be the first derivative of -y**4/4 + 7*y**3/3 - 9*y**2/2 + 2*y - 1545. Determine j(6).
-16
Suppose 7*g - 98*g = 182. Let x(k) = -72*k + 3. What is x(g)?
147
Let z(n) be the second derivative of 52*n + 0 + n**2 + 4/3*n**3. Determine z(3).
26
Let w(b) = 2*b**2 + b - 49. Suppose 780*g + 10 = 782*g, -g = -v - 5. Determine w(v).
-49
Let b = -133 + 140. Let d(c) = 5*c + 4. Let y(l) = 9*l + 7. Let v(n) = b*d(n) - 4*y(n). Calculate v(3).
-3
Let x = -255084 - -255071. Let a(m) = -4 - 21 - m + 0*m. Determine a(x).
-12
Let q(i) = -5*i**2 - 64*i - 24. Let m(y) = y**2 + 18*y + 7. Let s(p) = -4*m(p) - q(p). Let u be 6 - (2 + -2*1). Determine s(u).
-16
Let y = -2 - -2. Suppose y*q = -q. Let p(o) be the first derivative of o**2/2 + 7*o + 1840. Calculate p(q).
7
Suppose -2*p + 11 = -4*j - 3*p, -15 = 5*p. Let n = j - -4. Let k(m) = 1 + n - m**2 + 7*m + 2*m**2. Determine k(-6).
-3
Let x(m) = 10703 + 2*m + 10633 - 21258. Give x(-37).
4
Suppose 1555*l + 171 = 1574*l. Let g(n) = -n**2 + 4*n + 14. Calculate g(l).
-31
Let f(u) = -108 + u**3 - 